[INFO] fetching crate snarkos-toolkit 1.3.3...
[INFO] building snarkos-toolkit-1.3.3 against master#881c1ac408d93bb7adaa3a51dabab9266e82eee8 for issue-85264
[INFO] extracting crate snarkos-toolkit 1.3.3 into /workspace/builds/worker-8/source
[INFO] validating manifest of crates.io crate snarkos-toolkit 1.3.3 on toolchain 881c1ac408d93bb7adaa3a51dabab9266e82eee8
[INFO] running `Command { std: "/workspace/cargo-home/bin/cargo" "+881c1ac408d93bb7adaa3a51dabab9266e82eee8" "metadata" "--manifest-path" "Cargo.toml" "--no-deps", kill_on_drop: false }`
[INFO] started tweaking crates.io crate snarkos-toolkit 1.3.3
[INFO] finished tweaking crates.io crate snarkos-toolkit 1.3.3
[INFO] tweaked toml for crates.io crate snarkos-toolkit 1.3.3 written to /workspace/builds/worker-8/source/Cargo.toml
[INFO] running `Command { std: "/workspace/cargo-home/bin/cargo" "+881c1ac408d93bb7adaa3a51dabab9266e82eee8" "generate-lockfile" "--manifest-path" "Cargo.toml" "-Zno-index-update", kill_on_drop: false }`
[INFO] running `Command { std: "/workspace/cargo-home/bin/cargo" "+881c1ac408d93bb7adaa3a51dabab9266e82eee8" "fetch" "--manifest-path" "Cargo.toml", kill_on_drop: false }`
[INFO] [stderr]     Blocking waiting for file lock on package cache
[INFO] running `Command { std: "docker" "create" "-v" "/var/lib/crater-agent-workspace/builds/worker-8/target:/opt/rustwide/target:rw,Z" "-v" "/var/lib/crater-agent-workspace/builds/worker-8/source:/opt/rustwide/workdir:ro,Z" "-v" "/var/lib/crater-agent-workspace/cargo-home:/opt/rustwide/cargo-home:ro,Z" "-v" "/var/lib/crater-agent-workspace/rustup-home:/opt/rustwide/rustup-home:ro,Z" "-e" "SOURCE_DIR=/opt/rustwide/workdir" "-e" "CARGO_TARGET_DIR=/opt/rustwide/target" "-e" "CARGO_HOME=/opt/rustwide/cargo-home" "-e" "RUSTUP_HOME=/opt/rustwide/rustup-home" "-w" "/opt/rustwide/workdir" "-m" "1610612736" "--user" "0:0" "--network" "none" "ghcr.io/rust-lang/crates-build-env/linux@sha256:20528e8c29e4536546f0102ce88568b16ea7538393a33fcca951030f7af10457" "/opt/rustwide/cargo-home/bin/cargo" "+881c1ac408d93bb7adaa3a51dabab9266e82eee8" "metadata" "--no-deps" "--format-version=1", kill_on_drop: false }`
[INFO] [stdout] 021dff10275e9cef27abcbce5d20d492954ceb583bb96dd0f9b95ef6f2debafc
[INFO] [stderr] WARNING: Your kernel does not support swap limit capabilities or the cgroup is not mounted. Memory limited without swap.
[INFO] running `Command { std: "docker" "start" "-a" "021dff10275e9cef27abcbce5d20d492954ceb583bb96dd0f9b95ef6f2debafc", kill_on_drop: false }`
[INFO] running `Command { std: "docker" "inspect" "021dff10275e9cef27abcbce5d20d492954ceb583bb96dd0f9b95ef6f2debafc", kill_on_drop: false }`
[INFO] running `Command { std: "docker" "rm" "-f" "021dff10275e9cef27abcbce5d20d492954ceb583bb96dd0f9b95ef6f2debafc", kill_on_drop: false }`
[INFO] [stdout] 021dff10275e9cef27abcbce5d20d492954ceb583bb96dd0f9b95ef6f2debafc
[INFO] running `Command { std: "docker" "create" "-v" "/var/lib/crater-agent-workspace/builds/worker-8/target:/opt/rustwide/target:rw,Z" "-v" "/var/lib/crater-agent-workspace/builds/worker-8/source:/opt/rustwide/workdir:ro,Z" "-v" "/var/lib/crater-agent-workspace/cargo-home:/opt/rustwide/cargo-home:ro,Z" "-v" "/var/lib/crater-agent-workspace/rustup-home:/opt/rustwide/rustup-home:ro,Z" "-e" "SOURCE_DIR=/opt/rustwide/workdir" "-e" "CARGO_TARGET_DIR=/opt/rustwide/target" "-e" "CARGO_INCREMENTAL=0" "-e" "RUST_BACKTRACE=full" "-e" "RUSTFLAGS=--cap-lints=forbid" "-e" "CARGO_HOME=/opt/rustwide/cargo-home" "-e" "RUSTUP_HOME=/opt/rustwide/rustup-home" "-w" "/opt/rustwide/workdir" "-m" "1610612736" "--user" "0:0" "--network" "none" "ghcr.io/rust-lang/crates-build-env/linux@sha256:20528e8c29e4536546f0102ce88568b16ea7538393a33fcca951030f7af10457" "/opt/rustwide/cargo-home/bin/cargo" "+881c1ac408d93bb7adaa3a51dabab9266e82eee8" "build" "--frozen" "--message-format=json", kill_on_drop: false }`
[INFO] [stdout] b3837b996aabd0d72df08a047a3c3e77ef19ffcc003ac90ea8590ada0a8720b9
[INFO] [stderr] WARNING: Your kernel does not support swap limit capabilities or the cgroup is not mounted. Memory limited without swap.
[INFO] running `Command { std: "docker" "start" "-a" "b3837b996aabd0d72df08a047a3c3e77ef19ffcc003ac90ea8590ada0a8720b9", kill_on_drop: false }`
[INFO] [stderr]    Compiling proc-macro2 v1.0.27
[INFO] [stderr]    Compiling unicode-xid v0.2.2
[INFO] [stderr]    Compiling syn v1.0.72
[INFO] [stderr]    Compiling version_check v0.9.3
[INFO] [stderr]    Compiling serde_derive v1.0.126
[INFO] [stderr]    Compiling serde v1.0.126
[INFO] [stderr]    Compiling ppv-lite86 v0.2.10
[INFO] [stderr]    Compiling once_cell v1.7.2
[INFO] [stderr]    Compiling wasm-bindgen v0.2.74
[INFO] [stderr]    Compiling bech32 v0.8.0
[INFO] [stderr]    Compiling base58 v0.1.0
[INFO] [stderr]    Compiling num-traits v0.2.14
[INFO] [stderr]    Compiling num-integer v0.1.44
[INFO] [stderr]    Compiling getrandom v0.2.3
[INFO] [stderr]    Compiling time v0.1.43
[INFO] [stderr]    Compiling rand_core v0.6.2
[INFO] [stderr]    Compiling rand_xorshift v0.3.0
[INFO] [stderr]    Compiling proc-macro-error-attr v1.0.4
[INFO] [stderr]    Compiling generic-array v0.14.4
[INFO] [stderr]    Compiling proc-macro-error v1.0.4
[INFO] [stderr]    Compiling rand_chacha v0.3.0
[INFO] [stderr]    Compiling quote v1.0.9
[INFO] [stderr]    Compiling rand v0.8.3
[INFO] [stderr]    Compiling digest v0.9.0
[INFO] [stderr]    Compiling block-buffer v0.9.0
[INFO] [stderr]    Compiling crypto-mac v0.8.0
[INFO] [stderr]    Compiling blake2 v0.9.1
[INFO] [stderr]    Compiling sha2 v0.9.5
[INFO] [stderr]    Compiling wasm-bindgen-backend v0.2.74
[INFO] [stderr]    Compiling wasm-bindgen-macro-support v0.2.74
[INFO] [stderr]    Compiling thiserror-impl v1.0.25
[INFO] [stderr]    Compiling derivative v2.2.0
[INFO] [stderr]    Compiling wasm-bindgen-macro v0.2.74
[INFO] [stderr]    Compiling thiserror v1.0.25
[INFO] [stderr]    Compiling toml v0.5.8
[INFO] [stderr]    Compiling bincode v1.3.3
[INFO] [stderr]    Compiling chrono v0.4.19
[INFO] [stderr]    Compiling proc-macro-crate v0.1.5
[INFO] [stderr]    Compiling snarkvm-derives v0.2.3
[INFO] [stderr]    Compiling snarkvm-utilities v0.2.3
[INFO] [stderr]    Compiling snarkvm-fields v0.2.3
[INFO] [stderr]    Compiling snarkvm-curves v0.2.3
[INFO] [stderr]    Compiling snarkvm-r1cs v0.2.3
[INFO] [stderr]    Compiling snarkvm-algorithms v0.2.3
[INFO] [stderr]    Compiling snarkvm-parameters v0.2.3
[INFO] [stderr]    Compiling snarkvm-gadgets v0.2.3
[INFO] [stderr]    Compiling snarkvm-objects v0.2.3
[INFO] [stderr]    Compiling snarkvm-dpc v0.2.3
[INFO] [stderr]    Compiling snarkos-toolkit v1.3.3 (/opt/rustwide/workdir)
[INFO] [stdout] error[E0053]: method `new` has an incompatible type for trait
[INFO] [stdout]   --> src/dpc/empty_ledger.rs:39:21
[INFO] [stdout]    |
[INFO] [stdout] 27 | impl<T: Transaction, P: LoadableMerkleParameters> LedgerScheme for EmptyLedger<T, P> {
[INFO] [stdout]    |                      - this type parameter
[INFO] [stdout] ...
[INFO] [stdout] 39 |         parameters: Self::MerkleParameters,
[INFO] [stdout]    |                     ^^^^^^^^^^^^^^^^^^^^^^
[INFO] [stdout]    |                     |
[INFO] [stdout]    |                     expected struct `Arc`, found type parameter `P`
[INFO] [stdout]    |                     help: change the parameter type to match the trait: `Arc<_>`
[INFO] [stdout]    |
[INFO] [stdout]    = note: expected fn pointer `fn(Option<&Path>, Arc<P>, Block<_>) -> Result<_, _>`
[INFO] [stdout]               found fn pointer `fn(Option<&Path>, P, Block<_>) -> Result<_, _>`
[INFO] [stdout] 
[INFO] [stdout] 
[INFO] [stdout] error[E0053]: method `parameters` has an incompatible type for trait
[INFO] [stdout]   --> src/dpc/empty_ledger.rs:54:29
[INFO] [stdout]    |
[INFO] [stdout] 27 | impl<T: Transaction, P: LoadableMerkleParameters> LedgerScheme for EmptyLedger<T, P> {
[INFO] [stdout]    |                      - this type parameter
[INFO] [stdout] ...
[INFO] [stdout] 54 |     fn parameters(&self) -> &Self::MerkleParameters {
[INFO] [stdout]    |                             ^^^^^^^^^^^^^^^^^^^^^^^
[INFO] [stdout]    |                             |
[INFO] [stdout]    |                             expected struct `Arc`, found type parameter `P`
[INFO] [stdout]    |                             help: change the output type to match the trait: `&Arc<_>`
[INFO] [stdout]    |
[INFO] [stdout]    = note: expected fn pointer `fn(&empty_ledger::EmptyLedger<T, P>) -> &Arc<P>`
[INFO] [stdout]               found fn pointer `fn(&empty_ledger::EmptyLedger<T, P>) -> &P`
[INFO] [stdout] 
[INFO] [stdout] 
[INFO] [stdout] error[E0053]: method `verify_cm` has an incompatible type for trait
[INFO] [stdout]   --> src/dpc/empty_ledger.rs:92:22
[INFO] [stdout]    |
[INFO] [stdout] 27 | impl<T: Transaction, P: LoadableMerkleParameters> LedgerScheme for EmptyLedger<T, P> {
[INFO] [stdout]    |                      - this type parameter
[INFO] [stdout] ...
[INFO] [stdout] 92 |         _parameters: &Self::MerkleParameters,
[INFO] [stdout]    |                      ^^^^^^^^^^^^^^^^^^^^^^^
[INFO] [stdout]    |                      |
[INFO] [stdout]    |                      expected struct `Arc`, found type parameter `P`
[INFO] [stdout]    |                      help: change the parameter type to match the trait: `&Arc<_>`
[INFO] [stdout]    |
[INFO] [stdout]    = note: expected fn pointer `fn(&Arc<P>, &<<P as MerkleParameters>::H as CRH>::Output, &<T as Transaction>::Commitment, &snarkvm_algorithms::merkle_tree::MerklePath<P>) -> _`
[INFO] [stdout]               found fn pointer `fn(&P, &<<P as MerkleParameters>::H as CRH>::Output, &<T as Transaction>::Commitment, &snarkvm_algorithms::merkle_tree::MerklePath<P>) -> _`
[INFO] [stdout] 
[INFO] [stdout] 
[INFO] [stdout] error: aborting due to 3 previous errors
[INFO] [stdout] 
[INFO] [stdout] 
[INFO] [stdout] For more information about this error, try `rustc --explain E0053`.
[INFO] [stdout] 
[INFO] [stderr] error: could not compile `snarkos-toolkit`
[INFO] [stderr] 
[INFO] [stderr] To learn more, run the command again with --verbose.
[INFO] running `Command { std: "docker" "inspect" "b3837b996aabd0d72df08a047a3c3e77ef19ffcc003ac90ea8590ada0a8720b9", kill_on_drop: false }`
[INFO] running `Command { std: "docker" "rm" "-f" "b3837b996aabd0d72df08a047a3c3e77ef19ffcc003ac90ea8590ada0a8720b9", kill_on_drop: false }`
[INFO] [stdout] b3837b996aabd0d72df08a047a3c3e77ef19ffcc003ac90ea8590ada0a8720b9
